+ t. Calculate the remainder when 201 is divided by l.
48
Suppose -543 + 550 = i. Calculate the remainder when (-4 - 1)/(2/(-10)) is divided by i.
4
Suppose 5*p = -212 + 692. Suppose u + 35*n = 37*n + 31, u - 3*n - 30 = 0. What is the remainder when p is divided by u?
30
Let h(r) = -7*r**3 - 78*r**2 - 14*r - 5. Let a(x) = x + 5. Let f be a(-5). Suppose f + 20 = 2*y. What is the remainder when h(-11) is divided by y?
8
Let f = 29 + -8. Suppose 3*j = 57 + 120. Suppose 0 = -2*d + j + 61. What is the remainder when d is divided by f?
18
Let g = -318 - -343. Calculate the remainder when 51 is divided by g.
1
Suppose 0 = -4*d + 1 + 35. Suppose 150 = 626*w - 620*w. What is the remainder when w is divided by d?
7
Suppose 5*l = -5*a + 20, 0*a + 3*a - 3*l = 0. Let i(r) = 11*r + 2*r**a - r - 6 - 2*r. What is the remainder when 52 is divided by i(-6)?
16
Let a = 1101 + -1055. Calculate the remainder when a is divided by 24.
22
Let b = -861 - -976. Calculate the remainder when 572 is divided by b.
112
Suppose m = 5*p - 96, 0*p - 80 = -3*p - 5*m. Let j be (-99)/(-12)*(-16)/(-6). Suppose x = 3, 4*t - 3*x + x = j. Calculate the remainder when p is divided by t.
6
Let s(d) = 5*d - 142. Calculate the remainder when 521 is divided by s(38).
41
Let d be 28/(-84) - (-1)/3. What is the remainder when d - (-4 - -9 - 51) is divided by 7?
4
Let l = -153 + 149. Calculate the remainder when 84 is divided by l*(-4)/(-8) - -31.
26
Suppose 5*l - 2592 = -27*l. Calculate the remainder when l is divided by 74.
7
Let v = -27 - -21. Calculate the remainder when v/(-18) - 374/(-3) is divided by 32.
29
Let b(v) = v**3 + 2*v**2 - 3*v + 1. Let f be b(2). Let q(h) = 2*h - 14. What is the remainder when q(13) is divided by 5*(f/(-5) + 3)?
0
Suppose 3*j + 108 = 15*j. What is the remainder when 341 is divided by j?
8
What is the remainder when 1214 is divided by (3/6)/((-14)/(-756))?
26
Suppose 2 = f + 4*k, -4*k = -0*f - f + 2. Suppose 0 = -3*w + 3, f*w + 8 = -4*i + 58. Calculate the remainder when 69 is divided by i.
9
Suppose -459 = -11*j - 96. What is the remainder when 156 is divided by j?
24
Let v(s) = -s**3 + 6*s**2 + 17*s. Let f be v(8). Let u = -3 - f. Calculate the remainder when 2 is divided by (-1 - -6) + (u - -7).
0
Let f = -14 - -14. Let a(d) = d**3 + 11*d + f*d**3 - 14 - 9*d - 11*d**2. Calculate the remainder when 13 is divided by a(11).
5
Suppose 3*f + 2*a - 3 - 13 = 0, 0 = -2*f - 2*a + 10. Let v = 13 - f. Calculate the remainder when 13 is divided by v.
6
Let y be ((-9)/(-2))/((-24)/(-32)). Let f = y - 1. Suppose t = -f*q + 10, -4*t + t + 5*q + 70 = 0. Calculate the remainder when t is divided by 7.
6
Suppose 3*n = 8*d - 9*d + 34, 3*n = 5*d - 152. Let g = 245 + -429. What is the remainder when d is divided by g/(-12) - (-4)/6?
15
Let i be 98 - (2 - (-3)/3). Let p = 133 - i. What is the remainder when p is divided by 22?
16
Suppose i - 19 = -4*w - 0*i, 4*w - 5*i - 49 = 0. Suppose z - 5 = -w. Calculate the remainder when 65 is divided by (11/(-1))/(z + 0).
10
Suppose -5*b + 6*k + 75 = 3*k, 5*k = -2*b + 61. What is the remainder when 24 is divided by b?
6
Let f(n) = -n**2 + 6. Let j be f(6). Let s = 45 + j. Calculate the remainder when s is divided by (9 + 1/(-1))*1.
7
Suppose -4*z + 2*x - 13 + 43 = 0, -15 = 5*x. Let g = -11 + 12. Calculate the remainder when z is divided by 22 - 17 - (g - -2).
0
Suppose 870 = -2*v + 7*v - l, 522 = 3*v - l. Calculate the remainder when v is divided by 35.
34
Let w(l) = -l**3 + 39*l**2 + 4*l - 71. Calculate the remainder when 335 is divided by w(39).
80
Let c be (-2)/15 - 848/(-60). Let n = c + 30. What is the remainder when n is divided by 15?
14
Let u be 3/(-5) - (-35)/(-25). Let q = 4 + u. Suppose -l + 1 + q = 0. What is the remainder when 5 is divided by l?
2
Let y be (2820/50)/((-4)/(-10)). Let t = -81 + y. What is the remainder when t is divided by 22?
16
What is the remainder when (-17 - -1)*(-24)/48 is divided by 2?
0
Let s(h) = -11 - 2*h**2 + 36*h - 6*h - 10 + 4. Calculate the remainder when 53 is divided by s(14).
9
Let w be ((-24)/(-15))/((-3)/(-630)). Calculate the remainder when 6/39 - w/(-13) is divided by (-107)/(-7) + (-34)/119.
11
Suppose -96 + 306 = 5*r. Calculate the remainder when 90 is divided by r.
6
Let u = -80 + 84. Suppose -u*m + m + 25 = -4*b, 0 = 2*m + 2*b - 26. Calculate the remainder when 15 is divided by m.
4
Suppose 1303 = 40*j - 1777. What is the remainder when 379 is divided by j?
71
Let y = -8 - -13. Let p = 130 + -125. Suppose 75 = y*n - 4*s - 0*s, -s = p. What is the remainder when n is divided by 3?
2
Let f = 20 - 18. Suppose -5*x - 77 = -z - f*z, 27 = z - 2*x. Suppose 3*h + 5*l = 147, -2*h + 0*h + 111 = -l. What is the remainder when h is divided by z?
16
Suppose -k - 10 = 4*k. Calculate the remainder when (-234)/468*(1/1 + -43) is divided by 10/15*(k - -14).
5
Let x(w) = -7*w - 8. Let h be x(-9). Suppose 3*t - h = -2*t. Let i = 32 - 12. Calculate the remainder when i is divided by t.
9
Let x(j) = -13*j**3 + 3*j + 2. Let m(h) = -h**2 - 6*h + 5. Let i be m(-7). Let a be x(i). Suppose -8*w = -4*w - a. What is the remainder when w is divided by 9?
7
Let b(o) = -41*o + 5. Let r be b(-3). Suppose 4*g - 5*a - r = 0, -2*g + 4*g - 34 = -5*a. Calculate the remainder when 53 is divided by g.
26
Suppose 2*w + q - 8 = 4, 0 = -q + 2. What is the remainder when 39 is divided by w?
4
Let b = -24 - -93. Let n(r) be the third derivative of r**5/60 - r**4/24 - r**3/3 - 7*r**2. Calculate the remainder when b is divided by n(-4).
15
Suppose 4*p - 4*k = 48, -3*p - 1 + 29 = 5*k. Let r(h) = -19*h - 6. Suppose -4*j - 1 - 7 = 0. What is the remainder when r(j) is divided by p?
10
Suppose -2*p + 144 = 2*g, 3*p + 395 = 5*g + p. What is the remainder when 169 is divided by g?
15
Suppose 0 = -0*y + 5*y - 95. Let a = -79 + 83. Suppose b = -2*r, 9 = b - a*r - 3. What is the remainder when y is divided by b?
3
Suppose -4*u - y = 13, -4*y = 2*u - 2 - 2. Let v(l) = l**3 + 6*l**2 + 3*l - 6. Calculate the remainder when v(u) is divided by 5.
4
Suppose 10*i = 122 + 128. Let f = 60 - i. Let o(z) = -z**2 - 7*z + 6. What is the remainder when f is divided by o(-6)?
11
Suppose 4*s = -8*s + 552. What is the remainder when 183 is divided by s?
45
Let x(k) = 3*k**2 - 5*k + 5. Let l be x(5). Let s = l - 51. What is the remainder when s is divided by 3 + 1/1 + -2?
0
Let s be -2*1 - 3/((-12)/260). Suppose -m - 25 + s = 0. What is the remainder when m is divided by 21?
17
Suppose -6*m + 25 = -m. Suppose -39 - 26 = -m*v. What is the remainder when 22 is divided by v?
9
Suppose -66*t - 432 = 6*t. Let g(o) = 4*o + 38. Let z(j) = -3*j - 25. Let f(u) = 5*g(u) + 8*z(u). Calculate the remainder when 25 is divided by f(t).
11
Suppose 4*s = 5*d + 2, -4*s - 2*d + 7 + 9 = 0. Suppose s*z - 42 = 3*v + 159, 0 = -2*z - 2*v + 142. What is the remainder when z is divided by 18?
15
Let o = 959 + -866. What is the remainder when 344 is divided by o?
65
Let x(w) = -w**2 + 12*w - 6. Let n be x(11). Let y(t) = 7*t - 22. Calculate the remainder when 36 is divided by y(n).
10
Let h = 203 - 75. What is the remainder when h is divided by (2 + -68)*3/(-6)?
29
Suppose 9 = 3*v - 4*p - 15, -2*p + 32 = 4*v. Suppose -44 = -2*h - 2*k + v, -5*h + 3*k = -122. Calculate the remainder when 98 is divided by h.
23
Let i be (-13 - -11) + (-103)/(-1). Let d = 168 - i. What is the remainder when d is divided by 14?
11
Let u(b) = 14*b + 1. Let p(i) = i**3 + 6*i**2 - 8*i - 55. What is the remainder when u(1) is divided by p(-4)?
6
Suppose -3*r = -83 - 16. Let w = 23 - r. Let c = 11 + w. Calculate the remainder when 1 is divided by c.
0
Let s(m) = m**3 + 5*m**2 - 2*m - 3. Suppose 0 = 4*l + l - 285. What is the remainder when l is divided by s(-4)?
15
Suppose 1045 = 5*x + v, -4*x + 827 = 5*v - 6*v. What is the remainder when x is divided by 27?
19
Suppose 2*a + 12 = -2*a. Let n be 16/a - (-6)/(-9). Let h(t) = -t**3 - 5*t**2 + 2*t + 7. Calculate the remainder when h(n) is divided by 16.
15
Let k = -12 - -4. Let a = k - -15. Suppose -2*i + 7*i - 65 = 0. What is the remainder when i is divided by a?
6
Let y(p) = -7*p + 188. Calculate the remainder when 56 is divided by y(24).
16
What is the remainder when 107 is divided by 3 + (-9 + 207)/9?
7
Let b(o) = 35*o - 494. What is the remainder when b